5?
True
Does 12 divide 2828772?
True
Does 140 divide 3149020?
True
Does 35 divide 112654?
False
Does 92 divide 15397914?
False
Does 5 divide 41765?
True
Is 164 a factor of 5313?
False
Is 1305883 a multiple of 2?
False
Does 46 divide 17756?
True
Is 20 a factor of 485714?
False
Is 687 a multiple of 2?
False
Does 27 divide 288063?
True
Does 22 divide 993369?
False
Is 1113051 a multiple of 15?
False
Does 51 divide 47583?
True
Is 7 a factor of 337035?
False
Is 13261 a multiple of 89?
True
Is 25165 a multiple of 222?
False
Is 270 a factor of 893993?
False
Is 267850 a multiple of 22?
True
Does 2 divide 157081?
False
Is 4568672 a multiple of 32?
True
Is 528 a factor of 5448911?
False
Is 308 a factor of 4027620?
False
Does 371 divide 255267?
False
Is 584 a factor of 658168?
True
Is 306 a factor of 2180862?
True
Does 19 divide 568062?
True
Is 268 a factor of 39128?
True
Is 89 a factor of 114244?
False
Is 10 a factor of 1032946?
False
Is 899 a factor of 314895?
False
Is 146 a factor of 4690396?
True
Is 13 a factor of 20855172?
True
Does 24 divide 27696?
True
Is 1599030 a multiple of 180?
False
Does 61 divide 1015833?
True
Is 139 a factor of 245926?
False
Is 1267972 a multiple of 23?
False
Does 2 divide 48826?
True
Does 38 divide 603601?
False
Does 190 divide 1953580?
True
Is 1039247 a multiple of 11?
True
Is 6 a factor of 484092?
True
Is 54060 a multiple of 15?
True
Does 324 divide 1517616?
True
Does 4 divide 401562?
False
Is 444260 a multiple of 127?
False
Is 59 a factor of 3073487?
True
Is 148630 a multiple of 29?
False
Is 455 a factor of 25162865?
True
Is 11 a factor of 8401792?
False
Is 513 a factor of 10273851?
True
Is 11 a factor of 932448?
True
Is 242480 a multiple of 20?
True
Is 476757 a multiple of 188?
False
Is 414 a factor of 572185?
False
Is 2316461 a multiple of 19?
True
Is 426570 a multiple of 118?
True
Does 668 divide 252504?
True
Does 5 divide 19245?
True
Is 847417 a multiple of 3?
False
Does 1320 divide 592713?
False
Is 147 a factor of 847573?
False
Is 2605100 a multiple of 109?
True
Does 21 divide 2877?
True
Is 59 a factor of 21451?
False
Is 14 a factor of 53238?
False
Is 20 a factor of 104192?
False
Is 3 a factor of 60120?
True
Does 17 divide 3646296?
True
Does 41 divide 2066147?
False
Is 482732 a multiple of 527?
True
Does 182 divide 149240?
True
Is 289983 a multiple of 21?
False
Is 177 a factor of 34869?
True
Is 3608320 a multiple of 40?
True
Does 980 divide 1604260?
True
Is 826500 a multiple of 60?
True
Is 5 a factor of 65047?
False
Is 80 a factor of 429966?
False
Is 4 a factor of 106963?
False
Does 1630 divide 12974800?
True
Is 1314296 a multiple of 8?
True
Is 88 a factor of 19536?
True
Is 381699 a multiple of 120?
False
Does 13 divide 1350298?
False
Is 4 a factor of 64488?
True
Does 22 divide 8036864?
True
Is 176300 a multiple of 10?
True
Is 6 a factor of 2132232?
True
Does 252 divide 3964148?
False
Is 160 a factor of 71345?
False
Does 18 divide 32058?
True
Does 530 divide 8499080?
True
Does 129 divide 92100?
False
Is 10 a factor of 164613?
False
Is 322116 a multiple of 12?
True
Does 493 divide 4670044?
False
Does 165 divide 4392531?
False
Is 155 a factor of 189267?
False
Is 555702 a multiple of 202?
True
Is 59 a factor of 1004829?
True
Is 59002 even?
True
Is 409145 a multiple of 43?
True
Is 348 a factor of 191136?
False
Is 30 a factor of 613500?
True
Is 43800 a multiple of 100?
True
Is 404 a factor of 1753780?
False
Does 36 divide 175932?
True
Is 26 a factor of 1254942?
True
Is 1766 a factor of 9651190?
True
Does 219 divide 105510?
False
Does 597 divide 1320084?
False
Is 375 a factor of 23760315?
False
Is 99 a factor of 5162256?
True
Does 4 divide 425420?
True
Does 6 divide 276410?
False
Is 78 a factor of 14389849?
False
Is 15716496 a multiple of 907?
True
Is 24312 a multiple of 24?
True
Is 4751634 a multiple of 117?
False
Does 835 divide 4305835?
False
Is 562380 a multiple of 910?
True
Does 14 divide 53223?
False
Is 17 a factor of 283339?
True
Does 607 divide 470318?
False
Is 67 a factor of 4603000?
False
Is 543718 a multiple of 164?
False
Does 12 divide 711979?
False
Does 4 divide 4346450?
False
Is 28 a factor of 105924?
True
Is 19 a factor of 978652?
True
Is 1042824 a multiple of 12?
True
Does 2 divide 1210967?
False
Does 93 divide 275652?
True
Does 56 divide 123984?
True
Is 181951 a multiple of 6?
False
Does 88 divide 560749?
False
Is 218 a factor of 183120?
True
Is 187411 a multiple of 289?
False
Does 1152 divide 3360845?
False
Does 474 divide 1214388?
True
Is 141041 a multiple of 15?
False
Is 1111 a factor of 5530820?
False
Is 20389219 a multiple of 26?
False
Is 798 even?
True
Does 109 divide 7848?
True
Is 5187661 a multiple of 653?
False
Is 28 a factor of 10549?
False
Does 665 divide 2660?
True
Is 9850 even?
True
Is 1422040 a multiple of 4?
True
Is 3378312 a multiple of 63?
True
Is 675552 a multiple of 24?
True
Does 34 divide 355912?
True
Is 1574787 a multiple of 667?
True
Is 131076 a multiple of 33?
True
Is 813657 a multiple of 93?
True
Is 8 a factor of 135812?
False
Is 270167 a multiple of 292?
False
Does 6 divide 7164?
True
Does 168 divide 534408?
True
Is 203 a factor of 298207?
True
Is 10242020 a multiple of 4?
True
Is 70 a factor of 126759?
False
Is 54 a factor of 2997270?
True
Is 47 a factor of 238666?
True
Is 751 a factor of 3138429?
True
Does 12 divide 1019220?
True
Is 1857465 a multiple of 27?
True
Is 56 a factor of 3220728?
True
Is 594135 a multiple of 9?
True
Is 19 a factor of 977132?
True
Is 93202 a multiple of 554?
False
Is 10 a factor of 1013680?
True
Is 178 a factor of 33108?
True
Is 107 a factor of 1150520?
False
Is 3433740 a multiple of 151?
True
Does 9 divide 66204?
True
Is 1176696 a multiple of 18?
True
Is 60 a factor of 888307?
False
Is 2655368 a multiple of 17?
False
Does 52 divide 1149944?
False
Is 450303 a multiple of 41?
True
Is 50 a factor of 119818?
False
Is 520542 a multiple of 242?
True
Is 3037325 a multiple of 8?
False
Is 762 a factor of 951738?
True
Does 8 divide 1123855?
False
Is 20356620 a multiple of 37?
False
Is 15 a factor of 84360?
True
Does 12 divide 793488?
True
Is 796 a factor of 1611821?
False
Does 18 divide 34059?
False
Is 358667 a multiple of 15?
False
Does 216 divide 123984?
True
Is 164878 a multiple of 14?
True
Is 277 a factor of 1255918?
True
Does 250 divide 953000?
True
Does 11 divide 3271059?
True
Is 4793668 a multiple of 22?
True
Is 9715160 a multiple of 119?
True
Does 153 divide 356491?
False
Is 945648 a multiple of 55?
False
Is 379 a factor of 428270?
True
Does 18 divide 1891366?
False
Does 63 divide 153909?
True
Is 300312 a multiple of 129?
True
Is 1642 a factor of 8736686?
False
Is 167 a factor of 282585?
False
Is 64676 a multiple of 15?
False
Does 1435 divide 2624967?
False
Is 338 a factor of 8044062?
True
Is 119826 a multiple of 54?
True
Does 98 divide 3092782?
True
Is 4895995 a multiple of 14?
False
Is 21376 a multiple of 15?
False
Is 8 a factor of 399104?
True
Is 641424 a multiple of 483?
True
Is 35616 a multiple of 21?
True
Is 934496 a multiple of 8?
True
Is 795759 a multiple of 111?
True
Is 10569766 a multiple of 554?
True
Does 12 divide 15300?
True
Does 5 divide 280000?
True
Does 7 divide 148267?
True
Does 115 divide 333845?
True
Does 161 divide 9597210?
True
Is 257002 a multiple of 46?
True
Is 6 a factor of 1015773?
False
Does 9 divide 57933?
True
Is 283248 a multiple of 18?
True
Is 11877665 a multiple of 70?
False
Is 3096792 a multiple of 216?
True
Does 96 divide 417600?
True
Does 3 divide 119877?
True
Is 42 a factor of 10735?
False
Is 105030 a multiple of 10?
True
Is 101828 a multiple of 67?
False
Is 4388233 a multiple of 251?
True
Does 6 divide 42639?
False
Is 56382 a multiple of 3?
True
Is 88 a factor of 638112?
False
Is 173747 a multiple of 758?
False
Does 67 divide 9523782?
True
Is 6514893 a multiple of 9?
True
Is 23 a factor of 134467?
False
Is 9822512 a multiple of 14?
True
Is 43928 a multiple of 38?
True
Is 478 a factor of 274372?
True
Is 980 a factor of 17553760?
True
Is 24 a factor of 94463?
False
Does 12 divide 299184?
True
Is 21 a factor of 8526?
True
Is 3336291 a multiple of 22?
False
Does 57 divide 13598768?
False
Does 175 divide 108850?
True
Does 126 divide 110628?
True
Is 393678 a multiple of 16?
False
Is 188344 a multiple of 13?
True
Is 1482